{"id":61,"date":"2023-01-06T13:13:52","date_gmt":"2023-01-06T13:13:52","guid":{"rendered":"https:\/\/toolubeti.com\/?page_id=61"},"modified":"2023-01-06T13:13:52","modified_gmt":"2023-01-06T13:13:52","slug":"plantes-dombre","status":"publish","type":"page","link":"https:\/\/toolubeti.com\/?page_id=61","title":{"rendered":"Plantes d&rsquo;ombre"},"content":{"rendered":"\n<ul class=\"wp-block-list\">\n<li><strong>De plantes d\u2019ombre pour agr\u00e9menter un couloir, votre salon, votre chambre, votre bureau <\/strong>(En savoir plus sur notre catalogue de plantes d\u2019ombre&nbsp;: lien vers le diaporama)<strong><\/strong><\/li>\n<\/ul>\n\n\n\n<figure class=\"wp-block-table\"><table><tbody><tr><td>Dieffenbachia <strong>&nbsp;<\/strong><\/td><td>Merveilleuse plante d&rsquo;int\u00e9rieur et de serre, le dieffenbachia est cultiv\u00e9 pour la densit\u00e9 et la beaut\u00e9 de son feuillage vert fonc\u00e9 uni ou bien macul\u00e9 de blanc ou de jaune. Son entretien est d\u2019une facilit\u00e9 d\u00e9concertante. Il peut d\u00e9passer 1,50 m de hauteur dans de bonnes conditions de culture.<\/td><\/tr><tr><td>Sansevieria \u2013 Langue de belle-m\u00e8re (Moon light, Bacularis, Trifasciata, Marginata) <strong>&nbsp;<\/strong><\/td><td>La sansevieria est originaire d&rsquo;Afrique, dans une zone allant du Nigeria \u00e0 l&rsquo;est du Congo. En raison de ses feuilles longues et pointues, elle est parfois surnomm\u00e9e \u00ab&nbsp;plante serpent&nbsp;\u00bb ou \u00ab&nbsp;langue de belle-m\u00e8re&nbsp;\u00bb. La sansevieria est une plante d&rsquo;int\u00e9rieur de culture tr\u00e8s facile. Peu exigeante, r\u00e9sistante, elle s\u00e9duit par son feuillage graphique. Elle tol\u00e8re un soleil pas trop fort. Il en existe de nombreuses esp\u00e8ces et porte des fleurs blanches \u00e0 vert p\u00e2le, odorantes, en panicules dress\u00e9s.<\/td><\/tr><tr><td>Pothos \u2013 Epipremnum Aureum &nbsp;<\/td><td>Le pothos ou scindapsus ou encore Epipremnum Aureum est une plante au feuillage tr\u00e8s d\u00e9coratif. Souvent marbr\u00e9, luisant et g\u00e9n\u00e9reux,&nbsp;son feuillage vous s\u00e9duira et ornera parfaitement vos int\u00e9rieurs (couloirs, terrasse, chambre, bureaux). &nbsp;Adoptez le pothos et il vous comblera&nbsp;! Appr\u00e9ci\u00e9 pour ses propri\u00e9t\u00e9s d\u00e9polluantes, il serait capable d\u2019absorber les vapeurs toxiques de monoxyde de carbone (fum\u00e9e), de tolu\u00e8ne (peinture, solvants\u2026), de benz\u00e8ne (encre, fum\u00e9e, vernis\u2026) et de formald\u00e9hyde (agglom\u00e9r\u00e9, colle, isolation\u2026), purifiant ainsi l\u2019air de nos int\u00e9rieurs. Notez que ces informations sont indicatives.<\/td><\/tr><tr><td><strong>Arac\u00e9es ou<\/strong> <strong>Taro (<\/strong>Alocasia et Colocasia) &nbsp;<\/td><td>Laissez-vous s\u00e9duire par les Alocasia commun\u00e9ment appel\u00e9es oreilles d\u2019\u00e9l\u00e9phant et par les Colocasia qui leur ressemblent beaucoup, \u00e9tant de la m\u00eame famille. Feuilles vertes, feuilles noires ou panach\u00e9es de blanc, les Arac\u00e9es sont des plantes superbes et majestueuses. Elles sont l\u00e0 pour embellir votre espace de vie ou votre lieu de travail.<\/td><\/tr><\/tbody><\/table><\/figure>\n","protected":false},"excerpt":{"rendered":"<p>Dieffenbachia &nbsp; Merveilleuse plante d&rsquo;int\u00e9rieur et de serre, le dieffenbachia est cultiv\u00e9 pour la densit\u00e9 et la beaut\u00e9 de son feuillage vert fonc\u00e9 uni ou bien macul\u00e9 de blanc ou de jaune. Son entretien est d\u2019une facilit\u00e9 d\u00e9concertante. Il peut d\u00e9passer 1,50 m de hauteur dans de bonnes conditions de culture. Sansevieria \u2013 Langue de [&hellip;]<\/p>\n","protected":false},"author":1,"featured_media":0,"parent":0,"menu_order":0,"comment_status":"closed","ping_status":"closed","template":"","meta":{"footnotes":""},"class_list":["post-61","page","type-page","status-publish","hentry"],"_links":{"self":[{"href":"https:\/\/toolubeti.com\/index.php?rest_route=\/wp\/v2\/pages\/61","targetHints":{"allow":["GET"]}}],"collection":[{"href":"https:\/\/toolubeti.com\/index.php?rest_route=\/wp\/v2\/pages"}],"about":[{"href":"https:\/\/toolubeti.com\/index.php?rest_route=\/wp\/v2\/types\/page"}],"author":[{"embeddable":true,"href":"https:\/\/toolubeti.com\/index.php?rest_route=\/wp\/v2\/users\/1"}],"replies":[{"embeddable":true,"href":"https:\/\/toolubeti.com\/index.php?rest_route=%2Fwp%2Fv2%2Fcomments&post=61"}],"version-history":[{"count":1,"href":"https:\/\/toolubeti.com\/index.php?rest_route=\/wp\/v2\/pages\/61\/revisions"}],"predecessor-version":[{"id":62,"href":"https:\/\/toolubeti.com\/index.php?rest_route=\/wp\/v2\/pages\/61\/revisions\/62"}],"wp:attachment":[{"href":"https:\/\/toolubeti.com\/index.php?rest_route=%2Fwp%2Fv2%2Fmedia&parent=61"}],"curies":[{"name":"wp","href":"https:\/\/api.w.org\/{rel}","templated":true}]}}